f(t) - 19*w(t). What is y(-6)?
-73
Let s(v) = -v**2 + 118*v - 3393. Let t be s(50). Let u(b) be the second derivative of b**4/12 - 3*b**3/2 + 5*b**2 - 5*b. Give u(t).
-4
Let p(l) = l**2 + 7*l - 31. Let n = -5407 + 5395. Determine p(n).
29
Suppose 43*j + 48 = 17*j - 4. Let k(b) = 33*b**2 + 64*b + 6. Determine k(j).
10
Let s(x) be the first derivative of x**3/3 - 4*x**2 - 4*x + 192. Let v(c) = -c**3 + 16*c + 7. Let q be v(4). Determine s(q).
-11
Suppose -f + 10 - 6 = 3*a, -4 = 3*f + a. Let g(c) = 0 - c**2 + 3*c - 2*c + 0. Let u(r) = r**2 - r - 1. Let j(q) = -2*g(q) - u(q). Give j(f).
7
Let t(y) = -2 + 2 - 4 + 2*y. Let s = 148 + -135. Suppose -3*h = 2*q - 17, -22 = -4*h + 11*q - s*q. What is t(h)?
6
Let n = 449 - 302. Suppose -n = -3*j - 150. Let a(o) be the third derivative of -o**5/6 + o**4/24 + o**3/6 + o**2. Calculate a(j).
-10
Let c(o) = 4*o**3 - 5*o**2 - 9*o + 3. Let g = 373 - 378. Let n(m) = -3*m**3 + 4*m**2 + 7*m - 3. Let v(l) = g*n(l) - 4*c(l). Calculate v(0).
3
Let o(h) be the third derivative of h**6/120 + h**5/15 - h**4/4 - 2*h**3/3 - 765*h**2. Let r(i) = i**3 - 6*i**2 - 7*i - 5. Let m be r(7). Determine o(m).
1
Let j(h) be the second derivative of 2*h**3/3 - 4*h**2 + 639*h + 2. Suppose 3*b = -0*n + 4*n - 7, 5*n = b + 17. What is j(b)?
4
Let k(w) = 11*w + 80. Let p(o) = 17*o + 120. Let y(v) = -8*k(v) + 5*p(v). Let j(x) = x + 13. Let n(b) = 17*j(b) + 6*y(b). Give n(-9).
-10
Let y(u) = -u**2 + 3*u + 1. Suppose -m + 46 - 15 = 0. Suppose 5*a + m = 4*q, q - 5*a = -0*a + 19. Give y(q).
-3
Let w(j) be the third derivative of -111*j**2 + 0*j + 1/12*j**4 + 9/2*j**3 + 0. Determine w(-11).
5
Let k(j) = -j**3 - 17*j**2 - j - 6. Let v = 9436 + -9453. Calculate k(v).
11
Let n(h) be the first derivative of h**4/4 - 3*h**2 + h - 1344. Calculate n(3).
10
Suppose 0 = -z + 9*z - 24. Suppose 4*j - z*p = j + 6, 4 = j - 2*p. Let l(w) = 3*w**3 + j*w**3 - w - 2 - 4*w**3 + w**2 - 4*w**2. Calculate l(-2).
-4
Let z(p) be the second derivative of p**4/12 + p**3/2 + 3*p**2/2 - 235*p. Suppose -10*m + 4*m - 18 = 0. Determine z(m).
3
Let g(u) = u**3 - 89*u**2 - 455*u - 1404. Let m be g(94). Let a(o) be the third derivative of o**5/30 - 13*o**4/24 + 7*o**3/6 + 3*o**2. Calculate a(m).
1
Let x(m) be the third derivative of m**6/120 + 2*m**5/5 - m**4/12 - 19*m**3/2 - 911*m**2. Give x(-24).
-9
Suppose -90*u = -103*u + 91. Let f(z) = -2*z - 21 + 5*z - 13*z + u*z. Give f(-9).
6
Let b be 0/(3 - (3 + -6)). Let c(x) = b*x + 0*x - x + 130 - 131. Determine c(3).
-4
Let a(v) be the first derivative of -v**4/4 + v**3 + v**2/2 + 4*v + 2489. Give a(4).
-8
Let s(x) = 11*x - 1. Let m(o) = -11*o + 2. Let i(a) = 3*m(a) + 2*s(a). Let b(q) = -24*q + 11. Let k(t) = 2*b(t) - 5*i(t). Calculate k(3).
23
Let x(j) = -j + 10. Suppose -3*q - 4 = 38. Let t be q*6/(-10) + 22/(-55). Determine x(t).
2
Let r(i) = -i + 12. Let p(g) = g**2 + 4. Let d be p(-2). Let k be r(d). Let w(l) = 2*l - 16*l + 9*l + 2*l**2. Determine w(k).
12
Let f be (-8)/20 + (-844)/90 - 12/54. Let c(b) = b**3 + 10*b**2 + 2*b + 11. Determine c(f).
-9
Suppose -5*w + 10 = j, j - 4*w = -0*w - 17. Let k(m) = m**3 - m**2 - 8*m + 4. Let i be k(5). Let a(p) = p**2 + 33*p + 0 - i*p + 2 + 35*p. Calculate a(j).
7
Let t(g) = 19*g - 186. Let o(b) = 35*b - 335. Let s(w) = -5*o(w) + 9*t(w). Suppose -10 = 2*z - 2*p, -p = 5*z + 8 + 5. What is s(z)?
13
Let y(a) = 8*a + 10 - 26 - 6*a. Let l = 600 + -593. Determine y(l).
-2
Let t(l) = 28 - 50*l + 23*l + 9*l + l**2 + 11*l + 10*l. Give t(0).
28
Let m(n) = -n**2 + 5*n. Suppose 6*b = 11*b. Let p = -705 - -708. Suppose -5*j + 22 = p*a, j = -a - b*j + 6. Calculate m(a).
4
Let u(a) be the first derivative of -9*a - 1/2*a**2 + 75 - 10/3*a**3 - 1/4*a**4. What is u(-10)?
1
Suppose -w - 10 = -6*w, -4*w + 5 = -m. Suppose -2*t - m*t - 5 = 0. Let k(y) = -162998*y + 81489*y + 81496*y - 1. Calculate k(t).
12
Suppose -15*z - 8 - 10 + 33 = 0. Let o(p) = -p + 5*p**2 - 9*p**3 + 30*p**3 - 3*p**2. Calculate o(z).
22
Let g(w) = w**3 - 9*w**2 + 2*w - 15. Let i be g(9). Let c(m) = 4*m + 395*m**i - 198*m**3 + 4*m**2 - 2 - 198*m**3. Give c(5).
-7
Suppose -262*j + 203 = -12 - 309. Let z(w) = -34*w + 67. Determine z(j).
-1
Let c(m) = m**3 - 17*m**2 + 16*m + 9. Let l(i) = -i**3 - 54*i**2 + 2751*i - 70. Let j be l(-86). Calculate c(j).
9
Let p(w) = -3*w - 11. Let d(x) = -6*x**2 - 763*x - 901. Let m be d(-126). Give p(m).
46
Let v(z) be the first derivative of 2*z - 1/4*z**4 - 4 + 4/3*z**3 - 1/2*z**2. Suppose -20 = -5*j, 13 = 5*f + 3*j - 19. Calculate v(f).
-2
Let h = -10 - -3. Let q(i) = -100*i**3 - 98*i**3 + 5 + 91*i**3 + 0*i + 106*i**3 + i - 7*i**2. Give q(h).
-2
Let o(r) = -7*r**3 - 23*r**2 - 46*r + 42. Let w(b) = -3*b**3 - 11*b**2 - 23*b + 17. Let p(m) = 2*o(m) - 5*w(m). Determine p(-5).
-16
Suppose 0 = 2*f + 6 - 2. Let l(q) be the second derivative of q**3/2 - q**2/2 - 2269*q. Determine l(f).
-7
Let k(o) be the first derivative of -o**2 + 10*o + 3. Let y(i) = 3*i**3 - 14*i**2 - 50*i. Let z be y(7). Calculate k(z).
24
Suppose 28 = c + 2*d - 4*d, -d = c - 40. Suppose 5*i - c = i. Let o = -8 + i. Let l(u) = 4*u**2. Determine l(o).
4
Let z(g) = -g - 5 - 4 + 4 + 2*g. Let s(o) = 3*o - 92. Let x be s(29). What is z(x)?
-10
Let j(g) = 5*g - 25. Let c be j(5). Let i = 10 - 8. Let r(x) = -4*x**3 - x**i - 2*x**3 - 2 + 0*x**2 + 7*x**3. Determine r(c).
-2
Let w(i) = -2*i**2 - 36*i + 35. Let u(f) = -f**2 - f + 37. Let l be u(7). Calculate w(l).
-3
Let k(l) = 5*l**3 + l**2 - 5*l - 14. Let f(s) = -6 - 71*s**2 - 107*s + 72*s**2 + 104*s + 2*s**3. Let v(r) = -7*f(r) + 3*k(r). What is v(2)?
4
Let c(h) be the first derivative of -h**3/3 - 7*h**2 - 43*h + 1260. What is c(-8)?
5
Let p(k) = -25 + 3 + 2275*k - 2266*k - 35. Determine p(9).
24
Let j(l) be the second derivative of l**6/360 - l**5/10 - 3*l**4/8 - 13*l**3/2 - l**2/2 - l + 10. Let b(p) be the second derivative of j(p). What is b(14)?
19
Let g(m) = 3*m + 2. Let q = 87 + -73. Let k be (25/(-15))/((-2)/6). Suppose -t + 3*x - q = -x, k*t + 3*x = -1. Determine g(t).
-4
Let m(z) be the second derivative of -37*z + 3 + 1/3*z**3 - z**2. Determine m(-3).
-8
Suppose -553 = 6*h - 673. Let y be 8/h + -6 + (-27)/5. Let x(a) = -a**2 - 13*a - 8. Determine x(y).
14
Let o(b) = 9*b**2 + 3*b**2 - 116*b + 4*b**3 + 110*b - 14*b**2 + 4*b**2. Determine o(-3).
-72
Let m(y) = 0 + 2*y - 6*y + 3. Suppose 2*c + c + 31 = 5*d, -4*c = -2*d + 18. Suppose -9 = -d*a + 6. Determine m(a).
-9
Suppose -43*k + 2754 = -26*k. Let t = k + -162. Let y(v) be the second derivative of -v**3/3 - 3*v**2 - v. What is y(t)?
-6
Let p = -5 + 8. Let v(y) be the third derivative of -y**5/30 - y**4/24 + 37*y**3/2 - 6*y**2. Let f(c) be the first derivative of v(c). Give f(p).
-13
Let j(x) = -9717*x**2 + 5*x + 19434*x**2 - 12 - 9720*x**2. Give j(3).
-24
Let x(u) be the third derivative of -u**4/24 + 11*u**3/6 + 29*u**2 + 3. What is x(-6)?
17
Suppose 194 = -m + 202. Suppose -3*p - 19*k = -20*k + 18, -p + 5*k + m = 0. Let x(h) = -5*h + 7. What is x(p)?
42
Let o(y) be the third derivative of y**5/30 + y**4/24 - y**3/6 - 7*y**2 - 4. Let v = 26 - 43. Let w = v - -15. Give o(w).
5
Let p = 4/5669 - -5657/17007. Let n(h) be the second derivative of 0 + 1/2*h**2 - 1/20*h**5 + 5*h + 1/3*h**4 - p*h**3. Determine n(4).
-7
Let t = -16224 - -16225. Let n(h) = -5*h**3 + 2*h**2 - 19*h + 17. Determine n(t).
-5
Let s(k) = -4*k + 16. Let w = 9722 + -9730. Give s(w).
48
Let m(j) be the second derivative of -1 - 3/2*j**2 - 1/6*j**3 + 134*j. Let c(w) = -w**3 + 3*w**2 + 2*w - 2. Let v be c(3). Determine m(v).
-7
Let y(p) = -2*p**3 - 3*p**2 - 2*p - 24. Let z be y(-3). Let n(r) = r**2 - 2*r - 53. Give n(z).
10
Let h(w) = -w**3 - 8*w**2 + 2*w + 69. Suppose 2226 - 2284 = 3*y - 5*b, 5*y = -3*b - 6. Determine h(y).
-15
Let q(b) = 17*b + 88*b**2 - 187*b**2 + 94*b**2 + 12. Let z(d) = -3*d**2 + 16*d + 14. Let v(y) = -2*q(y) + 3*z(y). Determine v(-12).
-6
Let g(s) = -1 + 140675*s**2 - 70333*s**2 - 6 - 70340*s**2 + 44*s. Determine g(-20).
-87
Let h = -8954 - -8958. Let m(x) = -22*x + 95. Calculate m(h).
7
Let m = 156 + -168. Let z be 1*0/(-3*(-20)/m). Let x(a) = a - 3. Calculate x(z).
-3
Let l = -27578 + 27606. Let k(p) = -p**2 + 27*p + 76. Determine k(l).
48
Let i(k) be the second derivative of -7*k**5/20 + k**4/3 - 2*k**2 + 4290*k. What is i(2)?
-44
Let v be (10/3)/((-